1
Calculate the greatest common factor of 621 and 667.
23
Calculate the greatest common divisor of 104 and 168.
8
Calculate the greatest common divisor of 402 and 174.
6
Calculate the greatest common divisor of 75 and 60.
15
Calculate the highest common factor of 338 and 728.
26
What is the highest common factor of 636 and 12?
12
Calculate the highest common factor of 42 and 98.
14
Calculate the greatest common divisor of 2214 and 3294.
54
Calculate the greatest common factor of 44 and 297.
11
What is the greatest common factor of 267 and 623?
89
Calculate the highest common factor of 26 and 637.
13
What is the greatest common factor of 36 and 846?
18
What is the highest common factor of 24 and 375?
3
What is the highest common divisor of 32 and 10576?
16
What is the greatest common factor of 594 and 22?
22
What is the highest common factor of 315 and 126?
63
Calculate the greatest common factor of 3340 and 70.
10
What is the highest common factor of 40 and 6920?
40
Calculate the highest common factor of 70 and 910.
70
What is the highest common divisor of 1224 and 2550?
102
Calculate the greatest common factor of 36 and 204.
12
Calculate the highest common factor of 522 and 90.
18
Calculate the highest common divisor of 11024 and 159.
53
Calculate the greatest common factor of 175 and 475.
25
What is the highest common factor of 2678 and 1030?
206
What is the greatest common factor of 495 and 44?
11
Calculate the greatest common divisor of 22366 and 844.
422
Calculate the highest common factor of 672 and 42.
42
Calculate the highest common divisor of 2 and 64.
2
What is the highest common factor of 196 and 588?
196
What is the highest common factor of 50 and 5825?
25
What is the greatest common factor of 773 and 2?
1
What is the highest common divisor of 1848 and 3850?
154
Calculate the highest common divisor of 22 and 4642.
22
What is the greatest common divisor of 2312 and 204?
68
Calculate the greatest common factor of 21 and 399.
21
Calculate the highest common factor of 581 and 210.
7
What is the highest common divisor of 37 and 14134?
37
What is the highest common factor of 16808 and 88?
88
What is the highest common factor of 304 and 1862?
38
What is the greatest common divisor of 81 and 162?
81
Calculate the greatest common factor of 21 and 343.
7
What is the greatest common factor of 12767 and 17?
17
What is the greatest common divisor of 33 and 121?
11
What is the highest common factor of 47 and 1?
1
What is the highest common divisor of 243 and 54?
27
Calculate the greatest common divisor of 7032 and 168.
24
What is the highest common factor of 150 and 960?
30
What is the highest common factor of 240 and 336?
48
Calculate the highest common divisor of 1 and 1117.
1
What is the highest common factor of 349 and 4?
1
What is the greatest common factor of 34 and 578?
34
Calculate the greatest common factor of 54 and 234.
18
What is the highest common divisor of 806 and 4898?
62
Calculate the highest common factor of 2448 and 216.
72
Calculate the highest common factor of 32 and 41.
1
Calculate the highest common factor of 30 and 12160.
10
Calculate the highest common divisor of 152 and 2.
2
What is the greatest common divisor of 1484 and 2544?
212
Calculate the greatest common factor of 120 and 954.
6
Calculate the highest common factor of 28 and 598.
2
What is the highest common factor of 912 and 1482?
114
What is the highest common divisor of 600 and 15900?
300
Calculate the greatest common divisor of 11 and 130.
1
What is the greatest common divisor of 9699 and 636?
159
What is the greatest common factor of 20 and 55?
5
What is the greatest common divisor of 60 and 5256?
12
What is the greatest common factor of 710 and 10?
10
Calculate the highest common divisor of 46 and 414.
46
What is the greatest common divisor of 3 and 5?
1
Calculate the highest common divisor of 368 and 115.
23
Calculate the greatest common divisor of 40 and 17720.
40
Calculate the greatest common divisor of 210 and 5565.
105
Calculate the highest common divisor of 18 and 3042.
18
Calculate the highest common divisor of 51 and 1054.
17
What is the greatest common divisor of 453 and 3?
3
What is the greatest common factor of 63 and 42?
21
Calculate the highest common factor of 2 and 278.
2
What is the highest common factor of 26 and 78?
26
Calculate the greatest common divisor of 144 and 14220.
36
Calculate the highest common divisor of 1888 and 32.
32
Calculate the highest common divisor of 865 and 19549.
173
Calculate the highest common divisor of 51 and 2703.
51
Calculate the highest common divisor of 20 and 185.
5
What is the greatest common divisor of 180 and 54?
18
What is the greatest common divisor of 12 and 43116?
12
What is the greatest common factor of 19 and 57?
19
What is the greatest common factor of 25 and 95?
5
What is the greatest common divisor of 10 and 14770?
10
What is the greatest common divisor of 9 and 396?
9
Calculate the highest common divisor of 32 and 3088.
16
Calculate the greatest common divisor of 17693 and 39.
13
What is the greatest common factor of 288 and 6768?
144
What is the greatest common divisor of 32 and 31264?
32
What is the highest common divisor of 168 and 18186?
42
Calculate the highest common factor of 135 and 15.
15
What is the highest common factor of 110 and 44?
22
What is the greatest common factor of 12372 and 12?
12
What is the greatest common factor of 290 and 58?
58
What is the highest common factor of 1811 and 1?
1
What is the greatest common divisor of 165 and 95?
5
Calculate the greatest common divisor of 14 and 91.
7
Calculate the greatest common divisor of 152 and 171.
19
What is the greatest common divisor of 11100 and 200?
100
What is the greatest common factor of 555 and 195?
15
Calculate the greatest common divisor of 162 and 6.
6
What is the highest common divisor of 208 and 156?
52
Calculate the highest common factor of 40 and 72.
8
Calculate the highest common factor of 1072 and 335.
67
What is the greatest common divisor of 210 and 90?
30
What is the highest common factor of 3 and 33?
3
Calculate the highest common factor of 1333 and 473.
43
Calculate the highest common factor of 329 and 282.
47
Calculate the greatest common factor of 726 and 3.
3
Calculate the highest common divisor of 2 and 1048.
2
What is the greatest common divisor of 92 and 23?
23
Calculate the greatest common factor of 1116 and 702.
18
What is the highest common divisor of 39 and 2080?
13
What is the greatest common factor of 7338 and 6?
6
Calculate the highest common factor of 492 and 36.
12
What is the greatest common divisor of 170 and 136?
34
Calculate the highest common factor of 2607 and 66.
33
What is the greatest common factor of 32 and 268?
4
What is the greatest common divisor of 48 and 1308?
12
What is the highest common factor of 186 and 155?
31
What is the highest common factor of 48468 and 28?
28
What is the highest common factor of 40 and 8?
8
Calculate the highest common factor of 195 and 75.
15
What is the highest common divisor of 19453 and 49?
49
Calculate the highest common factor of 20 and 84.
4
Calculate the greatest common factor of 2 and 73.
1
Calculate the greatest common factor of 288 and 450.
18
Calculate the greatest common factor of 102 and 18.
6
Calculate the greatest common factor of 102 and 1360.
34
What is the greatest common divisor of 33 and 38313?
33
Calculate the highest common factor of 437 and 76.
19
Calculate the greatest common divisor of 15267 and 7.
7
Calculate the greatest common divisor of 750 and 10.
10
What is the greatest common factor of 3925 and 314?
157
What is the greatest common factor of 14 and 61866?
14
What is the highest common divisor of 1672 and 1463?
209
Calculate the greatest common factor of 242 and 6.
2
Calculate the greatest common factor of 105 and 6.
3
What is the highest common divisor of 6 and 69?
3
Calculate the highest common factor of 24 and 136.
8
Calculate the highest common factor of 820 and 120.
20
Calculate the greatest common factor of 400 and 680.
40
What is the greatest common divisor of 29 and 493?
29
What is the highest common factor of 22 and 19613?
11
Calculate the highest common factor of 1840 and 136.
8
Calculate the greatest common f